r when 1/h + 1025/30 is divided by 9.
7
Let f = -76 - -76. Suppose 3*a - 2*h - 17 = f, -2*a = 2*a - 5*h - 11. What is the remainder when 11 is divided by a?
2
Let z be 55/(-20)*(-7 + -1). Suppose 11 + z = 3*l. What is the remainder when 18 is divided by l?
7
Suppose 3*y - 5*d - 195 = 0, 11*y - 129 = 9*y + 3*d. Calculate the remainder when y is divided by 17.
9
Let g be (-4)/(-18) + 150/54. Suppose -15 = -g*r, -3*r = -v - 0*v - 12. Suppose v + 10 = u. Calculate the remainder when 25 is divided by u.
12
Let p(l) = 2*l - 15. Let q be p(9). What is the remainder when (-4)/(-4 + q) + -2 is divided by 2?
0
Let b = -74 + 84. What is the remainder when b is divided by 4/10 - (76/(-10) - -5)?
1
Let x(c) be the first derivative of 2*c**3 + c**2 - 5*c + 32. Let b = -33 + 47. Calculate the remainder when x(3) is divided by b.
13
Let q(j) = j**3 + 57*j**2 - 116*j + 146. Suppose 539 = 5*r + 3*p - 12, 0 = 3*r - 4*p - 319. Calculate the remainder when r is divided by q(-59).
25
Suppose -4*a - 2 = -22. Calculate the remainder when 80 is divided by a.
0
Suppose -2*g = -g - 2. Let o(y) = 3*y**3 - 2*y**2 - 2*y + 1. Let a be o(g). What is the remainder when 3 - a/2*-2 is divided by 6?
4
Suppose 0 = -4*x + 3*v + 17, 2 = -3*x - 5*v - 7. Suppose x*n = m + 48, 22 = n - 0*n - m. What is the remainder when 129 is divided by n?
25
Let n = 22 - 32. Let z = n + 45. What is the remainder when z is divided by ((-2)/5)/(3/(-90))?
11
Calculate the remainder when (186/(-8))/((-2)/8) is divided by 51.
42
Let n(d) be the third derivative of 0*d + 13/6*d**3 + 4*d**2 + 1/60*d**5 - 3/8*d**4 + 0. What is the remainder when 66 is divided by n(10)?
20
Suppose k = -5*t + 5*k + 268, t - 2*k = 50. Calculate the remainder when 215 is divided by t.
47
Suppose -3*c + 19 = -l, -4*c - 4*l + 14 = -22. Let q = c + 3. Suppose -5*o + 4*k + 165 = 0, 5*o + 5*k = 235 - 25. What is the remainder when o is divided by q?
7
Let g = 11 - 6. Suppose 153 = g*w - 27. Suppose -w = -2*z - 0. What is the remainder when 52 is divided by z?
16
Let k(b) = -b**3 + 27*b**2 - 70*b - 33. Calculate the remainder when k(24) is divided by 12.
3
Let a be (-90)/(-21) + 4/(-14). Suppose -v = 4*s + 2 - 31, a*v + 4*s = 68. What is the remainder when 36 is divided by v?
10
Suppose 33*y - 32*y - 3*o - 6 = 0, -y + o = -16. What is the remainder when 179 is divided by y?
11
Suppose 1880 = 8*y + 1688. Calculate the remainder when 380 is divided by y.
20
Let r = -154 + 155. Calculate the remainder when 1 is divided by r.
0
Suppose -9*w + 5*w + 88 = 0. Let a = w - 3. What is the remainder when 48 is divided by a?
10
Calculate the remainder when (-226)/(-8) - (-28)/(-112) is divided by 6.
4
Let w(j) = 4*j**2 - 2*j + 1. Suppose -6*r = 31*r - 296. What is the remainder when w(3) is divided by r?
7
Let s(h) = -h + 45. Let t be s(17). Suppose 28 = -t*j + 30*j. Calculate the remainder when 24 is divided by j.
10
Suppose -5*q + 10 + 5 = 0. Suppose 185 = q*n + 47. What is the remainder when n is divided by (((-8)/3)/1)/(8/(-48))?
14
Suppose 4*y + 36 - 232 = 0. Suppose -2*n = -1 - 25. Calculate the remainder when y is divided by n.
10
Let p be ((-5)/(-10)*-2)/(-1). What is the remainder when -3 + (47 - p) - -2 is divided by 16?
13
Suppose -3*x + 31 = -2*x. Let d = 28 + -17. Calculate the remainder when x is divided by d.
9
Suppose 2*v - 2*t - 238 = 0, 4*t = -v - 29 + 143. What is the remainder when v is divided by (-83)/(-2) + 9/(-6)?
38
Suppose j - 5*x = 16, 3*j + 2*j + 2*x + 1 = 0. Suppose -z + 5*s + 15 = 0, 44 = 3*z - 5*s + 9. Calculate the remainder when z is divided by 8/4 - (j - 2).
1
Suppose 0 = -4*w - w + 35. Calculate the remainder when 21 is divided by w.
0
Let h be 3 + 1 + 159 - 4. Let q = -50 + h. What is the remainder when q is divided by 28?
25
Calculate the remainder when 313 is divided by (145/29)/(1/7).
33
Let v(o) = -o**2 - 12*o + 11. Let r be v(-12). Let l(n) = -n + 42. What is the remainder when l(r) is divided by 13?
5
Let b(z) = 6*z - 1. Suppose -8 = -u - 4*f, -3 = -2*u + 4*f + 1. Suppose -v + 70 = u*v. Calculate the remainder when b(7) is divided by v.
13
Suppose -8*d = 1533 - 1701. Calculate the remainder when d is divided by 13.
8
Suppose 175 = 4*d - 29. Suppose x = -5*b + d + 55, -81 = -4*b + 3*x. What is the remainder when 81 is divided by b?
18
Suppose 0 = k + 36 - 38. Suppose -19 = -4*t - 5*v, -k*t = -0*v + 3*v - 7. What is the remainder when 29 is divided by t?
7
Let j(v) = v**3 - 29*v**2 + 9*v - 24. What is the remainder when j(29) is divided by 27?
21
Let b = 3 - -54. What is the remainder when 182 is divided by b?
11
Let g = 58 + -42. Suppose -g = -f + 14. What is the remainder when 118 is divided by f?
28
Let x(r) = -2*r**3 - 5*r**2 - 5*r - 1. Calculate the remainder when x(-4) is divided by (2/4)/(1/34).
16
Suppose -4*a - n = -220, 6 - 2 = n. What is the remainder when a is divided by 11?
10
Let t = -251 - -253. Calculate the remainder when 48 is divided by t.
0
Let t = -15 - -30. Let x = t - -49. What is the remainder when x is divided by 13?
12
Suppose 2*x - 77 = -5*q, 1 = -2*x - 4*q + 83. Suppose 3*u - 12 = 0, -i + u + 2*u = -x. Calculate the remainder when i is divided by (1 - -11)*8/6.
15
Suppose -20 = 4*n + 240. Let t = n + 98. What is the remainder when t is divided by 22?
11
Let a(g) = 17*g - 614. Calculate the remainder when 431 is divided by a(38).
15
Let n = 49 - 35. Calculate the remainder when (-4)/(-6) + -10*366/(-45) is divided by n.
12
Let v = 160 + -157. Suppose 0 = q + 3 - 17. What is the remainder when q is divided by v?
2
Suppose -5*g = q - 2*g - 14, 0 = 4*g - 20. What is the remainder when 46 is divided by q/1*(-2 - (4 - 2))?
2
Suppose -71*d = -2*r - 69*d + 40, -3*d - 40 = -2*r. What is the remainder when 76 is divided by r?
16
Let w(x) = 260*x**3 + 3*x**2 - 3*x. Let n be w(1). Suppose 5*p = 2*j - 22 - 94, -5*j + n = -5*p. What is the remainder when j is divided by 17?
14
Suppose 259 = -5*b + 9. Let w = -31 - b. Suppose -196*t + 2105 = -218 + 167. What is the remainder when w is divided by t?
8
Let a = 0 - -3. Suppose 0*z + 3*z = -12, 4*z + 121 = a*j. Calculate the remainder when j is divided by 19.
16
Let a(q) = -q**3 + 8*q**2 - 3*q - 7. Suppose 0 = 4*u - 4*g - 20, 3*u + 5*g = 90 - 83. Calculate the remainder when a(7) is divided by u.
1
Let n = 359 + -337. Calculate the remainder when 65 is divided by n.
21
Suppose -a - 5 = -8. Suppose 6*b - 39 = a*b. Suppose -4*o - b = 7, -3*z + 22 = -2*o. Calculate the remainder when z is divided by 4.
0
Let x be (-10)/(-30) - 52/(-6). Calculate the remainder when 49 is divided by (-1)/3 - (1 - 237/x).
24
Let n = -54 - -673. Calculate the remainder when n is divided by 10.
9
Suppose -790 = -27*x + 17*x. Let o = x + -68. Calculate the remainder when 20 is divided by o.
9
Let q(p) = -2*p - 18. Let o be q(-7). Calculate the remainder when ((-398)/o)/((-8)/(-16)) is divided by 40.
39
Let o(f) = f**2 - 3*f - 11. Suppose 0 = 3*n - 2*a - 3, 7*a + 20 = -5*n + 2*a. Let i be 1 + n + 10/(-2). What is the remainder when o(i) is divided by 16?
13
Suppose -2*r + 46 = -6. Let o = r + -26. Suppose o*c = -3*c + 129. Calculate the remainder when c is divided by 11.
10
Suppose -43 = k - 162. What is the remainder when k is divided by 32?
23
What is the remainder when 41 is divided by (-3 + (-55)/(-10))/((-9)/(-18))?
1
Suppose 2*v - 6 = 0, 3*x + 4*v - 159 - 156 = 0. Let p(s) = 26*s**2 - s + 1. What is the remainder when x is divided by p(1)?
23
Let t(g) = -g + 4 + 14 - 2. Let z be t(-12). Suppose 4*o = 64 + z. Calculate the remainder when o is divided by 13.
10
Suppose -4*o + 5*y = -474, -250 = -2*o - 6*y + 2*y. Let a = 222 - o. Calculate the remainder when a is divided by 34.
33
Calculate the remainder when -2 - (3555/(-30) + (-6)/(-4)) is divided by 30.
25
Let l(u) = u**3 - 6*u**2 - u - 2. Calculate the remainder when 821 is divided by l(8).
113
Suppose -3*v = -5*n + 2*v + 90, 2*v + 53 = 3*n. Let s = n + 5. What is the remainder when s is divided by 6448/(-372)*(-6)/8?
9
Suppose 4*d - 1 = 31. Suppose -5*y = -p + 31, -2*p + 9 = -y - d. What is the remainder when p is divided by 2?
0
Suppose -25*v + 66*v = 3362. Calculate the remainder when 2785 is divided by v.
79
Suppose 2*l - 450 = -23*l. Suppose 0*r = -4*r + 116. Let n = r - l. What is the remainder when n is 